 = s**3 - 4*s**2 + 3*s - 6. What is z(d)?
6
Suppose -10 = -q - 0*q. Suppose 5*u + 35 = q. Let t(k) be the second derivative of -k**4/12 - 4*k**3/3 - 3*k**2 - 3*k. What is t(u)?
9
Suppose -m - 3 = -0*m - 5*i, i = m - 1. Let a(q) = 7*q + 2. Let b(o) = -16*o - 4. Let c(z) = -7*a(z) - 3*b(z). Determine c(m).
-4
Suppose 2*p + 8 = 0, v + 6 = -v - 3*p. Let a(x) = 2*x - v*x - 4 + 2*x. Calculate a(4).
0
Let l(g) = g + 2. Let r be l(4). Let u(h) be the second derivative of h**4/12 - h**3 + 5*h**2/2 - 187*h. What is u(r)?
5
Let t(v) = v**2 + v + 2. Let w(z) = 5*z**2 + 4*z + 14. Let i(m) = -6*t(m) + w(m). Give i(-5).
-13
Let q(l) = l**2 + 15*l - 32. Let z = -1362 - -1345. Give q(z).
2
Let r = -5 - -1. Let x(b) be the first derivative of b**4/4 + b**3 - b**2 + 2*b + 2048. What is x(r)?
-6
Let g(v) = -3*v**2 - 9*v + v**3 + 5*v + 3 - 5 - 3*v. Calculate g(5).
13
Let s(x) = -x + 7. Let p be 4 + (-3)/(0 + -3). Let n be s(p). Let r(i) be the third derivative of i**4/8 + i**2 - 39*i. Give r(n).
6
Let k(t) = -11*t**2 + 108*t + 11. Let w be k(10). Let c(q) = q**2 + 2*q - 13. What is c(w)?
50
Let b(l) = -4*l + 5*l**2 - 3*l**3 - 3*l + 5*l**2 - l + 2*l**3 - 7. Suppose 0 = 3*w - 46 + 19. Calculate b(w).
2
Let c(t) = -t**2 + 2. Let p = -20 + 34. Suppose 0 = 4*n + 6 - p. Suppose 0 = -n*v + 4*v. What is c(v)?
2
Let d = -164 - -165. Let c(v) = 16*v**2 - v + 1. What is c(d)?
16
Let q(n) = -n**2 + n - 4. Suppose y = 2*y. Suppose y = -3*a - 4*a. What is q(a)?
-4
Let z(i) be the first derivative of i**3/3 - 2*i**2 + 2*i + 46. Give z(3).
-1
Let h(n) = -28 + 4*n**2 - 25 + 3*n**3 + 51 + n - 2*n**2. Let z be h(1). Let y(m) = -1 + 6*m + 1 - 2 - 2*m**2. What is y(z)?
-10
Let t(h) be the second derivative of -h**4/12 + 7*h**3/6 + 4*h**2 - 201*h + 1. Calculate t(9).
-10
Let x(y) = -6*y - 5*y - y + 15*y + 35. Give x(-15).
-10
Let z(p) = 828*p - 1 - 410*p - 419*p. Calculate z(-3).
2
Let j(a) be the third derivative of 0*a**3 + 0 + 0*a + 0*a**4 - 19*a**2 - 1/120*a**6 - 3/20*a**5. Calculate j(-9).
0
Suppose 50*a + 8*a + 174 = 0. Let i(u) = u**2 + 4*u - 1. What is i(a)?
-4
Let d(a) be the third derivative of a**4/24 - 10*a**2 - 3*a. Give d(11).
11
Let x(o) = 7*o - 76. Let w be x(12). Let a(h) = -h**3 + 8*h**2 - 6. Give a(w).
-6
Let a(h) = -14*h - 19 + 6 + 17 + 4*h**2. Let i(d) = d**2 - d + 1. Let s(j) = a(j) - 5*i(j). What is s(-4)?
19
Let c(h) be the first derivative of -17 - 3*h + 1/4*h**4 - 5/3*h**3 + 3/2*h**2. Give c(4).
-7
Let o(c) = -3*c. Let p = -436 - -435. Calculate o(p).
3
Let y(x) = -x**3 + x**2 - 3*x - 1. Let i(c) = -c**3 + 2*c**2 - 4*c - 6. Let o(k) = -2*i(k) + 3*y(k). Give o(0).
9
Let w(y) = -y**3 - 6*y**2 - 6*y - 3. Let a be 5 - 4 - 18/2. Let x = -16 - a. Let b = 3 + x. What is w(b)?
2
Let i(a) = -a**2 + 10*a + 2. Suppose -10*k + 35*k - 250 = 0. Give i(k).
2
Let t(o) be the third derivative of 0 + 3/2*o**3 - 11/24*o**4 + 2*o**2 - 1/120*o**5 + 0*o. Let b(i) be the first derivative of t(i). Give b(0).
-11
Let z = 126 + -120. Let m(g) = -g**3 + 5*g**2 + 8*g - 1. What is m(z)?
11
Let y(g) be the third derivative of -g**5/15 - g**3/6 + g**2 - 103*g. Give y(1).
-5
Suppose 2*o + 17 = 5. Let x(m) be the second derivative of 0 + 3*m**2 - m + 1/6*m**3. Give x(o).
0
Let h(f) = 3*f - 2. Let k be h(2). Suppose 27 = -d - k*d + 2*b, -4*b - 16 = 4*d. Let w(x) = x**3 + 4*x**2 - 7*x - 5. Calculate w(d).
5
Let f(p) = -14*p + 4. Let n(h) = 5*h - 1. Let c(s) = -6*f(s) - 17*n(s). Give c(8).
-15
Let o(r) be the second derivative of -1/2*r**2 + 8*r + 0 - 1/3*r**3 + 1/12*r**4. Give o(3).
2
Let g(c) be the first derivative of -2*c**3/3 - 13*c**2/2 - 6*c + 164. Determine g(-9).
-51
Let z(u) = 309 - 9*u**2 + u**3 + 319 - u - 625. What is z(9)?
-6
Let j(y) = 3*y + 3. Let l be 12/8*5*-8. Let b be 4*(-3)/(-42) - l/(-14). Calculate j(b).
-9
Let z(g) = 170025 - 170031 - 2*g**2 - 6*g + g**2. What is z(-5)?
-1
Let q = 1 - -1. Let s(k) = -52*k + 6. Let c(o) = -6*o + 1. Let n(r) = -9*c(r) + s(r). Determine n(q).
1
Let c(z) = -3*z - 60. Let l(f) = 4*f + 61. Let d(w) = 2*c(w) + 3*l(w). Determine d(-11).
-3
Let c(o) = -o + 6. Let z be ((36/14)/1)/(12/84). Let l = -11 + z. Give c(l).
-1
Let x(a) = -a**3 - 9*a**2 - 6*a - 1. Suppose 4*u = -5*d + 2 - 50, -5*d + 5*u = 30. Determine x(d).
-17
Suppose 3*r + 14 = d, -26*d - 20 = -28*d + 2*r. Let c(y) = y + 2. Determine c(d).
10
Let j(p) = -109*p**2 + 2*p - 8. Let i(r) = 300*r**2 - 7*r + 23. Let t(f) = -4*i(f) - 11*j(f). Suppose 24 = -3*q - q. Let x = q - -12. Determine t(x).
-4
Suppose -3*v = -3*y - 18, -2*y - 6*v = -7*v + 15. Let l(g) = -2*g - 16. Calculate l(y).
2
Let m be (4/(-3))/((-54)/(-81))*-2. Let j(l) = l**2 + 3*l - 6. What is j(m)?
22
Let g(h) be the first derivative of 0*h - 6 + 3/2*h**2 - 1/24*h**4 - 5/6*h**3. Let t(v) be the second derivative of g(v). Calculate t(0).
-5
Let x(q) = 10*q + 11. Let s(v) = 22*v + 24. Let a(w) = -9*s(w) + 20*x(w). Give a(5).
14
Let h(i) = -i + 1. Suppose 3 = -5*j - 4*d, -101*d + 100*d = -5*j - 18. Calculate h(j).
4
Suppose 14*o + 46 = 37*o. Let d(w) = -3*w**2 - 4*w + 3. What is d(o)?
-17
Let p(b) = b**3 - 11*b**2 + 30*b - 99. Let r be p(9). Let t(s) = s**2 - 6*s - 14. Give t(r).
13
Let d(c) be the third derivative of 1/6*c**3 + 0*c + 0 - 5*c**2 + 0*c**5 - 7/120*c**6 + 1/12*c**4. Calculate d(-1).
6
Let x(a) = -a**2 + 5*a. Suppose -5*f - 2*f + 21 = 0. Suppose f*c = -2*c + 20. Suppose -2*j + 3*k + 1 = -0*j, -c*k = 5*j - 37. Calculate x(j).
0
Let w(z) = 2 - 4*z - 2 + 2 + z**2 - 2*z**2. Suppose -11*g - 12 = -8*g. Determine w(g).
2
Let m(j) = j + 0*j - 2*j**2 + 3 + 3*j**2. Let p(v) = v + 19. Let i be p(-14). Suppose t - 2 = -i. Determine m(t).
9
Let t(p) = -2*p + 12*p - 8*p. Let h(w) = w**2 - 6*w - 3. Let s be h(7). Suppose 5*q = -g, -2*g + 3*g + s = -q. Calculate t(q).
2
Let u(l) = l**2 - 10 + 4*l**3 - 5*l**3 - l + 0*l**2. Suppose g - 3*g = 5*z - 5, -5*g = -5*z + 5. Suppose g = 11*m + 3 - 3. Determine u(m).
-10
Let o(n) = -n**2 + 10*n + 14. Let p be (-34)/153 + (-101)/(-9). Calculate o(p).
3
Let z(y) = y**3 + 5*y**2 - 2*y - 1. Suppose 156*i = 152*i - 20. Determine z(i).
9
Let l(t) = 2*t. Let b be (-5)/2*(-66)/55. Give l(b).
6
Let m(p) = -p**2 + 10*p - 1. Let k be m(10). Let n(t) = 7*t**2 - t - 1. Let y(i) = -15*i**2 + 2*i + 2. Let r(h) = 13*n(h) + 6*y(h). Give r(k).
1
Let d(n) = -n**2 - 4*n - 2. Suppose -3*k + 3*i = 7*i - 16, 4*i = 3*k - 56. Suppose 0 = -2*v - 2*v - k. Determine d(v).
1
Let y = 6 - 1. Suppose y*d = d + 20. Suppose 0 = -5*n - 3*g + 27, -2*g + 35 = d*n + 3*g. Let j(s) = -s**2 + 2*s - 1. What is j(n)?
-4
Let w be (-3)/(-2)*(6 - 4). Let q(b) = 0 + w - 14*b + 0 + 17*b. What is q(-2)?
-3
Suppose 0 = 5*j - 10*j - 15. Let v(l) = l + 28. Let b(n) = -4*n - 75. Let y(x) = -3*b(x) - 8*v(x). What is y(j)?
-11
Suppose -4*k = -10*k + 18. Suppose 0 = -4*t + k*v - 27, -11*t + 12*t + 11 = 5*v. Let i(p) = -p**3 - 6*p**2 - 4. Calculate i(t).
-4
Let c = 67 + -63. Let s(k) = 2*k**2 + c*k + 23 + 2*k - 51 + 26 - k**3. What is s(4)?
-10
Let c(a) be the third derivative of 3*a**6/20 - a**5/60 - a**4/24 - 83*a**2. What is c(-1)?
-18
Suppose 2*w - 12 = -4*w. Let m(p) = 0*p - p - 4*p**2 - 5 + 8*p + 3*p**w. Give m(6).
1
Let z be (230 + -232)*-1*(-2)/4. Let s(f) = 10*f + 1. Give s(z).
-9
Let w = 179 + -180. Let i(o) = o**2 - o - 1. Calculate i(w).
1
Let c be ((-14)/(-12))/(-7) + (-833)/42. Let l = -12 - c. Let u(h) = h**3 - 7*h**2 - 8*h + 6. Give u(l).
6
Let m(t) = -t - 8. Let z = -27 + 23. What is m(z)?
-4
Let u(j) be the second derivative of j**5/30 - j**4/12 - 3*j**3/2 - 6*j. Let a(g) be the second derivative of u(g). What is a(2)?
6
Let m(k) = k**3 + 5*k**2 + k - 5. Suppose -2*h - 11 = n - 0*h, 5*n = -3*h - 34. Give m(n).
-10
Let l(d) = 13*d**3 + 17*d**2 - 5*d + 73. Let s(i) = 5*i**3 + 6*i**2 - 2*i + 24. Let t(n) = 3*l(n) - 8*s(n). What is t(5)?
-18
Let w(l) be the first derivative of l**6/360 + 7*l**5/120 - 7*l**4/24 + 5*l**3/3 + 10. Let k(r) be the third derivative of w(r). What is k(-7)?
-7
Let k(f) = -7*f. Let h be k(-1). Let c(w) = 2 - 7*w + w**2 - w + 3 + 8 - 4. Determine c(h).
2
Let d(i) = -3*i - 6. Let n be (-104)/(-28) + 6/21. Suppose 2*m + 8 = n*m. Let y(p) = p + 1. Let j(s) = m*y(s) + d(s). What is j(-5)?
-7
Let r(b) = -b**3 - 6*b**2 + 4. Let w be r(-6). Let c(p) = 5*p**2 - 5*p + 15. Let u(a) = -4*a**2 + 4*a - 15. Let k(g) = w*u(